r?
False
Is 127885392821 composite?
False
Is 8845006729 a composite number?
True
Is 3298640459 prime?
True
Is 62167620677 composite?
False
Is 721799321 a prime number?
True
Is 108613877 a prime number?
False
Is 410841225293 prime?
True
Is 110794441 prime?
True
Is 589098707 a prime number?
False
Is 2461882751 a composite number?
True
Is 710885467 composite?
False
Is 5496064501 a composite number?
False
Is 961255987 a composite number?
False
Is 10001455439 a prime number?
True
Is 1803395807 a prime number?
True
Is 23926262477 composite?
True
Is 24530387093 a prime number?
False
Is 4603260271 prime?
True
Is 1668671671 composite?
True
Is 8134692242 prime?
False
Is 4173705623 prime?
False
Is 92114666143 prime?
False
Is 42326191 prime?
False
Is 133193579 a prime number?
False
Is 110845560953 a composite number?
True
Is 25825511129 prime?
False
Is 343024249 a composite number?
True
Is 4345131251 composite?
True
Is 2507479211 a composite number?
False
Is 8040821291 composite?
True
Is 15492338341 a composite number?
False
Is 1947403313 prime?
False
Is 1150580251 a composite number?
False
Is 22954527047 composite?
False
Is 16432082701 composite?
True
Is 46107597 prime?
False
Is 12660014879 composite?
False
Is 166986060277 prime?
False
Is 7316239858 prime?
False
Is 86053128139 a composite number?
True
Is 27695660855 a composite number?
True
Is 143434939 prime?
True
Is 25819682741 composite?
False
Is 4393563479 a composite number?
False
Is 7818919307 a composite number?
False
Is 4187890411 a prime number?
True
Is 12911300273 a prime number?
False
Is 2275136921 prime?
True
Is 82927714105 a prime number?
False
Is 135212555 composite?
True
Is 341028677 prime?
False
Is 16752780115 composite?
True
Is 15547602674 composite?
True
Is 51473347687 composite?
True
Is 2038830401 a prime number?
True
Is 35627185831 a composite number?
False
Is 252618287 prime?
False
Is 2654243087 prime?
True
Is 348453341 a composite number?
True
Is 212746403 prime?
False
Is 1339888399 composite?
True
Is 4050765731 a composite number?
True
Is 4050883911 prime?
False
Is 8430692057 a composite number?
True
Is 3317214073 a composite number?
False
Is 9838926761 a prime number?
True
Is 82104821 prime?
True
Is 200246498 composite?
True
Is 1473011513 prime?
False
Is 67116858553 a prime number?
True
Is 59405465753 a prime number?
True
Is 3503534069 a composite number?
True
Is 2357878277 composite?
False
Is 1391212231 a composite number?
False
Is 33444880873 composite?
True
Is 15196873501 composite?
False
Is 430142707 a composite number?
False
Is 10498707827 a prime number?
False
Is 380151193 a prime number?
True
Is 1452047 composite?
False
Is 42494368165 composite?
True
Is 10415998123 prime?
False
Is 296852997349 prime?
True
Is 1047055913 a composite number?
True
Is 59759465531 prime?
True
Is 15915952957 composite?
True
Is 7011751499 a prime number?
True
Is 92185861553 a composite number?
False
Is 11802084715 a prime number?
False
Is 7703453783 a composite number?
False
Is 13422600479 a composite number?
False
Is 2001456343 a composite number?
True
Is 2013986113 prime?
False
Is 4260988631 a composite number?
True
Is 21723856073 prime?
False
Is 2290041547 prime?
True
Is 165508051 a prime number?
False
Is 23855737579 a prime number?
True
Is 3289732411 a prime number?
False
Is 99559240463 a prime number?
True
Is 1533464995 a prime number?
False
Is 1212450409 composite?
True
Is 1048759445 a composite number?
True
Is 1144610677 a prime number?
False
Is 978394621 composite?
True
Is 458771923 a prime number?
False
Is 46584157889 a prime number?
True
Is 92582787887 prime?
True
Is 722753887 composite?
True
Is 35157388153 a composite number?
True
Is 802400477 a prime number?
True
Is 34330467887 composite?
False
Is 3316363819 a composite number?
True
Is 211477151 a composite number?
False
Is 25447530401 composite?
True
Is 81776965567 composite?
True
Is 258004577 a composite number?
True
Is 38860677463 prime?
False
Is 1044403963 composite?
False
Is 1357019491 a composite number?
False
Is 1900392661 a composite number?
False
Is 69705562 prime?
False
Is 177661016719 a prime number?
True
Is 1116833371 prime?
False
Is 3511077611 a prime number?
True
Is 154446527 a composite number?
False
Is 11272952677 prime?
False
Is 1905741907 a composite number?
False
Is 2772526601 composite?
True
Is 821965535 prime?
False
Is 24438751 prime?
True
Is 887132297 a prime number?
True
Is 9393629459 prime?
True
Is 1195034039 composite?
False
Is 723227749 a composite number?
False
Is 136189352045 a composite number?
True
Is 255954733 a prime number?
False
Is 28729753159 a prime number?
True
Is 3415002923 a composite number?
True
Is 2250622067 a prime number?
False
Is 5019971233 a prime number?
False
Is 174206749 composite?
True
Is 393302881 a composite number?
False
Is 1150450001 a composite number?
False
Is 177059621 composite?
True
Is 430599617 a composite number?
True
Is 595839263 composite?
False
Is 74312613917 prime?
False
Is 6711286787 a prime number?
True
Is 736113767 a prime number?
False
Is 5288261341 composite?
True
Is 2181898997 composite?
False
Is 12775581419 a composite number?
False
Is 9938836931 composite?
False
Is 1948023067 prime?
False
Is 4233000311 a composite number?
True
Is 18982434743 a composite number?
False
Is 6603297541 a composite number?
True
Is 59410916017 prime?
True
Is 10718404303 prime?
False
Is 4218744353 a prime number?
True
Is 4201257581 a prime number?
True
Is 1068895871 a composite number?
True
Is 3346919861 prime?
True
Is 7854839 a composite number?
False
Is 27030036711 prime?
False
Is 38921783755 prime?
False
Is 3324944585 a composite number?
True
Is 44292839 prime?
True
Is 12703286303 prime?
True
Is 1090953307 composite?
False
Is 4450289 a prime number?
False
Is 738281963 a composite number?
True
Is 310562453 a composite number?
False
Is 9106293909 a composite number?
True
Is 10622842553 composite?
True
Is 1655367451 prime?
True
Is 10323630461 composite?
True
Is 167399830303 composite?
False
Is 355742993 composite?
False
Is 835103077 a prime number?
True
Is 8743738727 composite?
False
Is 9609286781 prime?
False
Is 32495888137 prime?
True
Is 1242527917 a prime number?
True
Is 535387331 a composite number?
False
Is 56758573 prime?
False
Is 20825321957 a prime number?
False
Is 16388918279 a composite number?
True
Is 4140559253 a prime number?
False
Is 64776979951 a prime number?
True
Is 16485065677 composite?
True
Is 9063986741 composite?
False
Is 15330219011 a composite number?
False
Is 3859321493 a prime number?
True
Is 1529771861 a composite number?
True
Is 47560328939 a composite number?
False
Is 5528992802 prime?
False
Is 297494395129 composite?
True
Is 350366271 prime?
False
Is 85448013797 a composite number?
False
Is 338997007 a prime number?
True
Is 2993454641 a composite number?
True
Is 49084823 composite?
True
Is 33228305074 a composite number?
True
Is 1859283281 a prime number?
False
Is 271810559 composite?
False
Is 531118183 prime?
True
Is 74832607 prime?
True
Is 4098122843 a prime number?
True
Is 147710403367 a prime number?
True
Is 13797961 a prime number?
False
Is 43084706039 composite?
False
Is 1628880361 composite?
True
Is 7960258837 a prime number?
False
Is 15476618447 prime?
True
Is 658337755 composite?
True
Is 525364799 prime?
False
Is 2117958743 prime?
True
Is 22565367491 a prime number?
True
Is 39314140251 prime?
False
Is 13998168335 prime?
False
Is 4879639901 prime?
True
Is 36567847247 composite?
True
Is 17387959 a prime number?
False
Is 936328127 composite?
True
Is 612192553 a composite number?
True
Is 5619656233 prime?
True
Is 6879880687 a prime number?
True
Is 15942565559 a prime number?
True
Is 18278444881 composite?
False
Is 29580448169 a prime number?
True
Is 1304124617 prime?
True
Is 23902563262 a prime number?
False
Is 110085696401 prime?
True
Is 244817827 a prime number?
False
Is 19094662607 composite?
False
Is 4953448459 a prime number?
True
Is 77219685947 a composite number?
False
Is 800779481 prime?
True
Is 181713503 composite?
False
Is 1953005167 a composite number?
False
Is 6634690577 prime?
False
Is 22389979907 a composite number?
True
Is 343090488067 composite?
False
Is 10005694649 composite?
False
Is 122909400353 a prime number?
True
Is 118262107237